4238)/g)/((5/24)/(-5))?
3
Let l be 0/((0 - -3) + 1). Suppose l = -s - 12 + 151. Let b = s - 72. What is the tens digit of b?
6
Suppose 11 - 33 = 2*h. Let o(f) be the first derivative of -5*f**2/2 - 50*f + 1415. What is the units digit of o(h)?
5
Let a(z) = 1594*z + 194. What is the thousands digit of a(2)?
3
Suppose o + 10*o = 14*o - 61497. What is the hundreds digit of o?
4
Suppose 3*w - 4*b = 38, -4*w + 2*b - 62 = -7*w. Let n(l) = 137 + w*l + 160 - 313. What is the units digit of n(10)?
4
What is the units digit of (-310112)/(-13) + ((-189)/117)/(-7)?
5
Suppose 10*w + 5*w - 8055 = 0. Suppose -535*c - 1848 = -w*c. What is the units digit of c?
4
Suppose 481 = 3*d + n - 738, 2*d = -4*n + 816. Suppose -5*o - 1685 = -5*c, 3*c + 4*o = 1382 - d. What is the units digit of c?
2
Suppose 2*n - 39875 = 5*t, 3*n - 28*t + 29*t - 59804 = 0. What is the ten thousands digit of n?
1
Let y(i) = -i**2 - 10*i + 41. Let w be y(3). What is the hundreds digit of w - -315 - (-5 - -3)?
3
Suppose 0 = -3*c + 6*c - 102. Let r = -722 - -732. Suppose r + c = l. What is the tens digit of l?
4
Suppose 85 = -2*y + 103. Let d(c) = 30 - 3*c - y*c + 16*c. What is the units digit of d(-7)?
2
Suppose -3*v - 10 = -25. Suppose v*z = -t + 490, -2*z = -5*t - z + 2502. Suppose -154 = -3*r + t. What is the tens digit of r?
1
Suppose 0 = 3*v - 3*t, -3*v - 4*t = -5*t - 10. Suppose d = -4 + 3, -3*q - v*d = -4. Suppose -7*z - q = -31. What is the units digit of z?
4
Let b(o) = o**3 + 13*o**2 - 194*o + 9. What is the thousands digit of b(-12)?
2
Let d(x) = 79*x**3 - x**2 + 28*x - 77. What is the tens digit of d(4)?
7
Suppose i + 106725 = 3*u, u + i - 8703 = 26876. What is the ten thousands digit of u?
3
Suppose 0 = -124*i - 380572 + 6589376. What is the hundreds digit of i?
0
Let m be 5 + 4/(-8)*6. What is the units digit of -12*(3 + (-67)/m)?
6
Let p(v) be the first derivative of v**4/2 + v**3 - 41*v**2/2 - 2*v - 177. What is the hundreds digit of p(6)?
2
Let r(o) = -o**2 + 8*o - 8. Let p(i) = -i**3 + 5*i**2 + 7*i. Let q be p(6). Let n be r(q). Suppose -8*w + 384 = -n*w. What is the units digit of w?
6
Let d(c) = 754*c**2 - 2*c. Suppose 6*i - 59 + 53 = 0. What is the tens digit of d(i)?
5
Let k be (-1 + 5/3)/((-55)/(-1320)). Suppose 22*h = k*h + 1206. What is the hundreds digit of h?
2
Let q be (-2)/(-3) + (-1624)/(-21). Suppose 0 = f + 84 + q. Let s = f - -295. What is the units digit of s?
3
Suppose -x = 5*c - 2027395, c + c - 3*x - 810975 = 0. What is the tens digit of c/420 + 2/(28/(-6))?
6
Let v be ((-144)/10)/(15/(-50)). What is the hundreds digit of v/216 - (-6001)/9?
6
Let r be (-4)/8*(-1 - 1). What is the units digit of r/(206/204 + -1)?
2
Suppose 0 = 15*f - 37408 + 17008. What is the units digit of f?
0
Suppose -2*z = 2*z - 24. What is the units digit of z*(-1)/(-2)*(-12108)/(-36)?
9
Suppose 54 = 635*a - 626*a. What is the units digit of 8/((-112)/(-4613)) + 3/a?
0
Let c = 14638 - 10362. What is the thousands digit of c?
4
Suppose 293 - 17 = 3*r. Let i be ((-38)/(-10) + -3)*-90. Let k = r - i. What is the hundreds digit of k?
1
Suppose -2*r - o = -81142, 0 = 20*r - 23*r + 3*o + 121722. What is the thousands digit of r?
0
Let l(c) = 25*c**2 - 8*c + 290. What is the thousands digit of l(-11)?
3
Let y(l) = 3*l - 14. Let n(o) be the second derivative of o**3/6 + o**2/2 - 20*o. Let h(g) = 4*n(g) - y(g). What is the units digit of h(-14)?
4
Let z(l) = -2*l**2 - 47*l - 102. Let p be z(-21). What is the hundreds digit of (50/1)/(12/(576/p))?
8
Let r = -26676 + 51675. What is the hundreds digit of r?
9
Let r = 118439 + -71700. What is the hundreds digit of r?
7
Let o be (((-1995)/(-28))/19)/(3/560). Suppose -o - 5411 = -7*g. What is the units digit of g?
3
Let p be 11 - 143/33 - 5/3. What is the units digit of 169212/120 + p/(-50)?
0
Let j = 49603 + -2067. What is the hundreds digit of j?
5
Suppose 3*g = w - 5115, 27*w - 31*w = -g - 20372. What is the tens digit of w?
9
Let f = 36 + -34. Let k be ((12/4 - 7) + f)/(-1). What is the hundreds digit of (-103)/(1 - (-1 - (-1 - k)))?
1
Let c = -10247 - -18501. What is the hundreds digit of c?
2
Let w = 69 - 69. Suppose w = 3*g + 132 - 111. What is the tens digit of (472/6)/(g/((-84)/8))?
1
Let s(n) = 44*n**2 - 70*n + 274. What is the hundreds digit of s(11)?
8
Suppose -2*v = n - 533, -2*v + n + n + 542 = 0. Let z = 523 - v. What is the hundreds digit of z?
2
Suppose -12*y + 97 = -359. Suppose 4674 = y*d - 7334. What is the units digit of d?
6
Let y(i) = -3*i - 41. Let k be y(-15). Suppose -2*u - k*x = -8, -3*u - 4*x + 0 = -12. Suppose -u*m + 43 = -37. What is the units digit of m?
0
Let p(g) = 2*g**3 + g**2 + 4. Let x be (-12)/18 - 4/3. Let c be x/(-3 + 1 + 1). What is the units digit of p(c)?
4
Let z = -983 + 2773. Let h = 3076 - z. What is the units digit of h?
6
Suppose 20*r - 182*r = 70*r - 2599560. What is the tens digit of r?
0
Let k(v) = -v**3 + 12*v**2 - 19*v - 8. Let b be k(10). Let d(i) = -i - 10*i - 1 + b*i. What is the tens digit of d(-4)?
3
Let h(j) = 29*j - 18. Suppose -24*m + 27*m - 6 = 0. Let k be h(m). What is the units digit of 70*(4/(-20) - (-108)/k)?
5
Suppose 0 = -2*n - 3*q - 5, -n - q + 2*q + 10 = 0. Suppose n*s - 4*c + 61 = 0, 9*c - 4*c = -s - 18. What is the units digit of 118/3 + s/39?
9
Let a be 2/(-1) - (-22 - -20). Let w be 0 + (-3 - -6) + a. What is the tens digit of ((-344)/w)/(68/(-102))?
7
Suppose -52*o + 104*o = 412152. What is the tens digit of o?
2
Suppose -3*q = 2*m - 28224, 2*m - 382 - 27838 = -4*q. What is the ten thousands digit of m?
1
Suppose -3*w + 31*w = 1093428. What is the units digit of w?
1
Suppose -14*s - 50 = -24*s. Suppose -w + 777 = -5*n + 3119, -2*w - 2344 = -s*n. What is the units digit of n?
8
Let n be -5 + -7 + 22 - 4/(-1). What is the thousands digit of (-1 + n)/(775/385 - 2)?
1
Suppose 0 = i - 4*w + 7*w - 5, w = -3*i - 1. Let k = 6 + -4. What is the tens digit of i/k*-1*76?
3
Let i be ((-2)/(-4) + 0)/(9/126). Suppose -3*u - 56 = -i*u. Let t(n) = -n**2 + 17*n - 19. What is the units digit of t(u)?
3
Suppose 321 + 569 = 5*b. Suppose 3*r = 4*r - b. Suppose -r = 6*n - 1468. What is the tens digit of n?
1
Let o(u) = -2*u**3 + 13*u**2 + 17*u + 156. What is the hundreds digit of o(-10)?
2
Suppose -4*y + 3*g = -596, -460 = -3*y - 0*y - g. Let v be (-9)/63 + y/(-14) - -3. Let s(k) = k**3 + 9*k**2 - 2*k - 4. What is the units digit of s(v)?
6
Let u be 7 - ((-1)/(-2) - 1/(-2)). Suppose 11 = t + u. Suppose 2*q - t*q + 387 = 0. What is the units digit of q?
9
Let i(o) = o**2 - 7*o - 1. Suppose 0 = 4*c - 13*c. Let t be (-1 - 8) + (c - -5). What is the units digit of i(t)?
3
Suppose 2*a = -3*s - 0*s + 15005, s + a = 5000. Suppose 4*n - s = -5*m, 5*n + 3*m = 2*n + 3756. What is the tens digit of n?
5
What is the tens digit of 14/63 + (-199082)/(-234)?
5
Let g(a) be the third derivative of -221*a**4/12 + 20*a**3/3 - 21*a**2 + a. What is the thousands digit of g(-3)?
1
Let c(s) = -14 + 8*s - 46 + 16 + 23*s. What is the hundreds digit of c(11)?
2
Suppose -478*r + 430*r + 277152 = 0. What is the thousands digit of r?
5
Let d be (-6 + -74)*1/2. Let s be (18/5)/((-4)/d). Suppose -m - 2 - 2 = 5*f, -2*m + s = -f. What is the units digit of m?
6
Suppose -4*z - 660 = -5*b, 3*b - 330 = 2*z + 2*b. Let x = z - -90. Let o = -27 - x. What is the tens digit of o?
4
Let s(h) be the second derivative of h**5/60 + h**4/24 - 5*h**3/2 + 8*h. Let b(m) be the second derivative of s(m). What is the tens digit of b(6)?
1
Let g be 9 - -2 - (1 - -1)/(-2). What is the tens digit of (915/10)/(9/g)?
2
Suppose l + 3*a = 3322, -5*a + 2*a = 15. Suppose 9*m - 7*m = -x + l, m - 1671 = -3*x. What is the hundreds digit of m?
6
Let m = -36522 + 51977. What is the units digit of m?
5
Let o(r) = 11*r**2 + 302*r - 160. What is the units digit of o(-37)?
5
Let h(w) be the third derivative of 0 + 5/24*w**4 + 11*w**2 + 0*w - 5/3*w**3. What is the tens digit of h(17)?
7
Suppose -110*u = -91*u - 322107. What is the tens digit of u?
5
Let t(l) = l**3 + 13*l**2 - 14*l - 23. Let c be t(-14). Let b(s) = -41*s - 180. What is the tens digit of b(c)?
6
Let g be 6/(-14)*(-7)/1. Suppose 3*l = -5*x + 1468, 0 = -5*x + 4*l - 580 + 2076. Suppose g*f - x = -50. What is the tens digit of f?
8
Let h(l) = 16*l**3 - 9*l**2 - 41*l + 477. What is the units digit